{"id":89,"date":"2020-07-01T10:35:00","date_gmt":"2020-07-01T10:35:00","guid":{"rendered":"http:\/\/feiern-in-daaden.de\/?page_id=89"},"modified":"2022-11-29T14:56:07","modified_gmt":"2022-11-29T13:56:07","slug":"kontakt","status":"publish","type":"page","link":"http:\/\/feiern-in-daaden.de\/?page_id=89","title":{"rendered":"Kontakt"},"content":{"rendered":"<p>Ihr k\u00f6nnt uns telefonisch oder per Email erreichen. Auch bei Reservierungen f\u00fcr unsere Kegelbahn k\u00f6nnt ihr die folgenden Kontaktdaten verwenden. Wir freuen uns auf eure Anfragen:<\/p>\n<p><strong>B\u00fclo\u00b4s und Diggi\u00b4s<\/strong><br \/>\n<strong>Betzdorfer Stra\u00dfe 15<\/strong><br \/>\n<strong>57567 Daaden<\/strong><\/p>\n<div class=\"dwo3fsh8 g5ia77u1 rt8b4zig n8ej3o3l agehan2d sk4xxmp2 rq0escxv q9uorilb kvgmc6g5 cxmmr5t8 oygrvhab hcukyx3x jb3vyjys rz4wbd8a qt6c0cv9 a8nywdso l9j0dhe7 i1ao9s8h k4urcfbm\">\n<div class=\"j83agx80 cbu4d94t sj5x9vvc cxgpxx05\">\n<div class=\"rq0escxv l9j0dhe7 du4w35lb j83agx80 jifvfom9 ll8tlv6m owycx6da btwxx1t3 hv4rvrfc dati1w0a jb3vyjys b5q2rw42 lq239pai mysgfdmx hddg9phg\">\n<div class=\"rq0escxv l9j0dhe7 du4w35lb d2edcug0 p8fzw8mz pcp91wgn iuny7tx3 ipjc6fyt\"><\/div>\n<div class=\"rq0escxv l9j0dhe7 du4w35lb d2edcug0 rj1gh0hx buofh1pr g5gj957u hpfvmrgz o8rfisnq p8fzw8mz pcp91wgn iuny7tx3 ipjc6fyt\">\n<div class=\"j83agx80 cbu4d94t ew0dbk1b irj2b8pg\">\n<div class=\"qzhwtbm6 knvmm38d\"><span class=\"oi732d6d ik7dh3pa d2edcug0 qv66sw1b c1et5uql a8c37x1j muag1w35 ew0dbk1b jq4qci2q a3bd9o3v knj5qynh oo9gr5id hzawbc8m\" dir=\"auto\"><span class=\"oi732d6d ik7dh3pa d2edcug0 qv66sw1b c1et5uql jq4qci2q a3bd9o3v knj5qynh oo9gr5id\"><strong>02743 &#8211; 7529640<\/strong><br \/>\n<\/span><\/span><\/div>\n<\/div>\n<\/div>\n<\/div>\n<\/div>\n<\/div>\n<div class=\"dwo3fsh8 g5ia77u1 rt8b4zig n8ej3o3l agehan2d sk4xxmp2 rq0escxv q9uorilb kvgmc6g5 cxmmr5t8 oygrvhab hcukyx3x jb3vyjys rz4wbd8a qt6c0cv9 a8nywdso l9j0dhe7 i1ao9s8h k4urcfbm\">\n<div class=\"j83agx80 cbu4d94t sj5x9vvc cxgpxx05\">\n<div class=\"rq0escxv l9j0dhe7 du4w35lb j83agx80 jifvfom9 ll8tlv6m owycx6da btwxx1t3 hv4rvrfc dati1w0a jb3vyjys b5q2rw42 lq239pai mysgfdmx hddg9phg\">\n<div class=\"rq0escxv l9j0dhe7 du4w35lb d2edcug0 p8fzw8mz pcp91wgn iuny7tx3 ipjc6fyt\"><\/div>\n<div class=\"rq0escxv l9j0dhe7 du4w35lb d2edcug0 rj1gh0hx buofh1pr g5gj957u hpfvmrgz o8rfisnq p8fzw8mz pcp91wgn iuny7tx3 ipjc6fyt\">\n<div class=\"j83agx80 cbu4d94t ew0dbk1b irj2b8pg\">\n<div class=\"qzhwtbm6 knvmm38d\">\n<div class=\"oajrlxb2 g5ia77u1 qu0x051f esr5mh6w e9989ue4 r7d6kgcz rq0escxv nhd2j8a9 nc684nl6 p7hjln8o kvgmc6g5 cxmmr5t8 oygrvhab hcukyx3x jb3vyjys rz4wbd8a qt6c0cv9 a8nywdso i1ao9s8h esuyzwwr f1sip0of lzcic4wl py34i1dx gpro0wi8\" tabindex=\"0\" role=\"button\"><\/div>\n<\/div>\n<\/div>\n<\/div>\n<\/div>\n<\/div>\n<\/div>\n<div class=\"dwo3fsh8 g5ia77u1 rt8b4zig n8ej3o3l agehan2d sk4xxmp2 rq0escxv q9uorilb kvgmc6g5 cxmmr5t8 oygrvhab hcukyx3x jb3vyjys rz4wbd8a qt6c0cv9 a8nywdso l9j0dhe7 i1ao9s8h k4urcfbm\">\n<div class=\"j83agx80 cbu4d94t sj5x9vvc cxgpxx05\">\n<div class=\"rq0escxv l9j0dhe7 du4w35lb j83agx80 jifvfom9 ll8tlv6m owycx6da btwxx1t3 hv4rvrfc dati1w0a jb3vyjys b5q2rw42 lq239pai mysgfdmx hddg9phg\">\n<div class=\"rq0escxv l9j0dhe7 du4w35lb d2edcug0 rj1gh0hx buofh1pr g5gj957u hpfvmrgz o8rfisnq p8fzw8mz pcp91wgn iuny7tx3 ipjc6fyt\">\n<div class=\"j83agx80 cbu4d94t ew0dbk1b irj2b8pg\">\n<div class=\"qzhwtbm6 knvmm38d\"><span class=\"oi732d6d ik7dh3pa d2edcug0 qv66sw1b c1et5uql a8c37x1j muag1w35 ew0dbk1b jq4qci2q a3bd9o3v knj5qynh oo9gr5id hzawbc8m\" dir=\"auto\"><span class=\"oi732d6d ik7dh3pa d2edcug0 qv66sw1b c1et5uql jq4qci2q a3bd9o3v knj5qynh py34i1dx\"><a class=\"oajrlxb2 g5ia77u1 qu0x051f esr5mh6w e9989ue4 r7d6kgcz rq0escxv nhd2j8a9 nc684nl6 p7hjln8o kvgmc6g5 cxmmr5t8 oygrvhab hcukyx3x jb3vyjys rz4wbd8a qt6c0cv9 a8nywdso i1ao9s8h esuyzwwr f1sip0of lzcic4wl py34i1dx gpro0wi8\" tabindex=\"0\" role=\"link\" href=\"mailto:buelentyapar@web.de\" target=\"_blank\" rel=\"noopener noreferrer\">buelentyapar@web.de<\/a><\/span><\/span><\/div>\n<\/div>\n<\/div>\n<div><\/div>\n<\/div>\n<\/div>\n<\/div>\n","protected":false},"excerpt":{"rendered":"<p>Ihr k\u00f6nnt uns telefonisch oder per Email erreichen. Auch bei Reservierungen f\u00fcr unsere Kegelbahn k\u00f6nnt ihr die folgenden Kontaktdaten verwenden. Wir freuen uns auf eure Anfragen: B\u00fclo\u00b4s und Diggi\u00b4s Betzdorfer Stra\u00dfe 15 57567 Daaden 02743 &#8211; 7529640 buelentyapar@web.de<\/p>\n","protected":false},"author":1,"featured_media":0,"parent":0,"menu_order":0,"comment_status":"closed","ping_status":"closed","template":"","meta":{"footnotes":""},"class_list":["post-89","page","type-page","status-publish","hentry"],"yoast_head":"<!-- This site is optimized with the Yoast SEO plugin v24.0 - https:\/\/yoast.com\/wordpress\/plugins\/seo\/ -->\n<title>B\u00fclo\u00b4s und Diggi\u00b4s, www.feiern-in-daaden.de Kneipe und Pub in Daaden mit Kegelbahn<\/title>\n<meta name=\"description\" content=\"Eure Kneipe in Daaden, Pub in Daaden, Kegelbahn in Daaden, Dart spielen in Daaden, feiern in Daaden\" \/>\n<meta name=\"robots\" content=\"index, follow, max-snippet:-1, max-image-preview:large, max-video-preview:-1\" \/>\n<link rel=\"canonical\" href=\"http:\/\/feiern-in-daaden.de\/?page_id=89\" \/>\n<meta property=\"og:locale\" content=\"de_DE\" \/>\n<meta property=\"og:type\" content=\"article\" \/>\n<meta property=\"og:title\" content=\"B\u00fclo\u00b4s und Diggi\u00b4s, www.feiern-in-daaden.de Kneipe und Pub in Daaden mit Kegelbahn\" \/>\n<meta property=\"og:description\" content=\"Eure Kneipe in Daaden, Pub in Daaden, Kegelbahn in Daaden, Dart spielen in Daaden, feiern in Daaden\" \/>\n<meta property=\"og:url\" content=\"http:\/\/feiern-in-daaden.de\/?page_id=89\" \/>\n<meta property=\"og:site_name\" content=\"Willkommen bei B\u00fclo`s und Diggi\u00b4s\" \/>\n<meta property=\"article:publisher\" content=\"https:\/\/www.facebook.com\/B%c3%bclos-Diggis-108013274017405\" \/>\n<meta property=\"article:modified_time\" content=\"2022-11-29T13:56:07+00:00\" \/>\n<meta name=\"twitter:card\" content=\"summary_large_image\" \/>\n<meta name=\"twitter:label1\" content=\"Gesch\u00e4tzte Lesezeit\" \/>\n\t<meta name=\"twitter:data1\" content=\"1\u00a0Minute\" \/>\n<script type=\"application\/ld+json\" class=\"yoast-schema-graph\">{\"@context\":\"https:\/\/schema.org\",\"@graph\":[{\"@type\":\"WebPage\",\"@id\":\"http:\/\/feiern-in-daaden.de\/?page_id=89\",\"url\":\"http:\/\/feiern-in-daaden.de\/?page_id=89\",\"name\":\"B\u00fclo\u00b4s und Diggi\u00b4s, www.feiern-in-daaden.de Kneipe und Pub in Daaden mit Kegelbahn\",\"isPartOf\":{\"@id\":\"http:\/\/feiern-in-daaden.de\/#website\"},\"datePublished\":\"2020-07-01T10:35:00+00:00\",\"dateModified\":\"2022-11-29T13:56:07+00:00\",\"description\":\"Eure Kneipe in Daaden, Pub in Daaden, Kegelbahn in Daaden, Dart spielen in Daaden, feiern in Daaden\",\"breadcrumb\":{\"@id\":\"http:\/\/feiern-in-daaden.de\/?page_id=89#breadcrumb\"},\"inLanguage\":\"de\",\"potentialAction\":[{\"@type\":\"ReadAction\",\"target\":[\"http:\/\/feiern-in-daaden.de\/?page_id=89\"]}]},{\"@type\":\"BreadcrumbList\",\"@id\":\"http:\/\/feiern-in-daaden.de\/?page_id=89#breadcrumb\",\"itemListElement\":[{\"@type\":\"ListItem\",\"position\":1,\"name\":\"Startseite\",\"item\":\"http:\/\/feiern-in-daaden.de\/\"},{\"@type\":\"ListItem\",\"position\":2,\"name\":\"Kontakt\"}]},{\"@type\":\"WebSite\",\"@id\":\"http:\/\/feiern-in-daaden.de\/#website\",\"url\":\"http:\/\/feiern-in-daaden.de\/\",\"name\":\"Willkommen bei B\u00fclo`s und Diggi\u00b4s\",\"description\":\"Kneipe und Pub in Daaden zum Feiern, Dart spielen, uvm.\",\"publisher\":{\"@id\":\"http:\/\/feiern-in-daaden.de\/#organization\"},\"potentialAction\":[{\"@type\":\"SearchAction\",\"target\":{\"@type\":\"EntryPoint\",\"urlTemplate\":\"http:\/\/feiern-in-daaden.de\/?s={search_term_string}\"},\"query-input\":{\"@type\":\"PropertyValueSpecification\",\"valueRequired\":true,\"valueName\":\"search_term_string\"}}],\"inLanguage\":\"de\"},{\"@type\":\"Organization\",\"@id\":\"http:\/\/feiern-in-daaden.de\/#organization\",\"name\":\"B\u00fclo\u00b4s und Diggi\u00b4s\",\"url\":\"http:\/\/feiern-in-daaden.de\/\",\"logo\":{\"@type\":\"ImageObject\",\"inLanguage\":\"de\",\"@id\":\"http:\/\/feiern-in-daaden.de\/#\/schema\/logo\/image\/\",\"url\":\"http:\/\/feiern-in-daaden.de\/wp-content\/uploads\/2020\/03\/logo.jpg\",\"contentUrl\":\"http:\/\/feiern-in-daaden.de\/wp-content\/uploads\/2020\/03\/logo.jpg\",\"width\":563,\"height\":563,\"caption\":\"B\u00fclo\u00b4s und Diggi\u00b4s\"},\"image\":{\"@id\":\"http:\/\/feiern-in-daaden.de\/#\/schema\/logo\/image\/\"},\"sameAs\":[\"https:\/\/www.facebook.com\/B\u00fclos-Diggis-108013274017405\"]}]}<\/script>\n<!-- \/ Yoast SEO plugin. -->","yoast_head_json":{"title":"B\u00fclo\u00b4s und Diggi\u00b4s, www.feiern-in-daaden.de Kneipe und Pub in Daaden mit Kegelbahn","description":"Eure Kneipe in Daaden, Pub in Daaden, Kegelbahn in Daaden, Dart spielen in Daaden, feiern in Daaden","robots":{"index":"index","follow":"follow","max-snippet":"max-snippet:-1","max-image-preview":"max-image-preview:large","max-video-preview":"max-video-preview:-1"},"canonical":"http:\/\/feiern-in-daaden.de\/?page_id=89","og_locale":"de_DE","og_type":"article","og_title":"B\u00fclo\u00b4s und Diggi\u00b4s, www.feiern-in-daaden.de Kneipe und Pub in Daaden mit Kegelbahn","og_description":"Eure Kneipe in Daaden, Pub in Daaden, Kegelbahn in Daaden, Dart spielen in Daaden, feiern in Daaden","og_url":"http:\/\/feiern-in-daaden.de\/?page_id=89","og_site_name":"Willkommen bei B\u00fclo`s und Diggi\u00b4s","article_publisher":"https:\/\/www.facebook.com\/B%c3%bclos-Diggis-108013274017405","article_modified_time":"2022-11-29T13:56:07+00:00","twitter_card":"summary_large_image","twitter_misc":{"Gesch\u00e4tzte Lesezeit":"1\u00a0Minute"},"schema":{"@context":"https:\/\/schema.org","@graph":[{"@type":"WebPage","@id":"http:\/\/feiern-in-daaden.de\/?page_id=89","url":"http:\/\/feiern-in-daaden.de\/?page_id=89","name":"B\u00fclo\u00b4s und Diggi\u00b4s, www.feiern-in-daaden.de Kneipe und Pub in Daaden mit Kegelbahn","isPartOf":{"@id":"http:\/\/feiern-in-daaden.de\/#website"},"datePublished":"2020-07-01T10:35:00+00:00","dateModified":"2022-11-29T13:56:07+00:00","description":"Eure Kneipe in Daaden, Pub in Daaden, Kegelbahn in Daaden, Dart spielen in Daaden, feiern in Daaden","breadcrumb":{"@id":"http:\/\/feiern-in-daaden.de\/?page_id=89#breadcrumb"},"inLanguage":"de","potentialAction":[{"@type":"ReadAction","target":["http:\/\/feiern-in-daaden.de\/?page_id=89"]}]},{"@type":"BreadcrumbList","@id":"http:\/\/feiern-in-daaden.de\/?page_id=89#breadcrumb","itemListElement":[{"@type":"ListItem","position":1,"name":"Startseite","item":"http:\/\/feiern-in-daaden.de\/"},{"@type":"ListItem","position":2,"name":"Kontakt"}]},{"@type":"WebSite","@id":"http:\/\/feiern-in-daaden.de\/#website","url":"http:\/\/feiern-in-daaden.de\/","name":"Willkommen bei B\u00fclo`s und Diggi\u00b4s","description":"Kneipe und Pub in Daaden zum Feiern, Dart spielen, uvm.","publisher":{"@id":"http:\/\/feiern-in-daaden.de\/#organization"},"potentialAction":[{"@type":"SearchAction","target":{"@type":"EntryPoint","urlTemplate":"http:\/\/feiern-in-daaden.de\/?s={search_term_string}"},"query-input":{"@type":"PropertyValueSpecification","valueRequired":true,"valueName":"search_term_string"}}],"inLanguage":"de"},{"@type":"Organization","@id":"http:\/\/feiern-in-daaden.de\/#organization","name":"B\u00fclo\u00b4s und Diggi\u00b4s","url":"http:\/\/feiern-in-daaden.de\/","logo":{"@type":"ImageObject","inLanguage":"de","@id":"http:\/\/feiern-in-daaden.de\/#\/schema\/logo\/image\/","url":"http:\/\/feiern-in-daaden.de\/wp-content\/uploads\/2020\/03\/logo.jpg","contentUrl":"http:\/\/feiern-in-daaden.de\/wp-content\/uploads\/2020\/03\/logo.jpg","width":563,"height":563,"caption":"B\u00fclo\u00b4s und Diggi\u00b4s"},"image":{"@id":"http:\/\/feiern-in-daaden.de\/#\/schema\/logo\/image\/"},"sameAs":["https:\/\/www.facebook.com\/B\u00fclos-Diggis-108013274017405"]}]}},"_links":{"self":[{"href":"http:\/\/feiern-in-daaden.de\/index.php?rest_route=\/wp\/v2\/pages\/89","targetHints":{"allow":["GET"]}}],"collection":[{"href":"http:\/\/feiern-in-daaden.de\/index.php?rest_route=\/wp\/v2\/pages"}],"about":[{"href":"http:\/\/feiern-in-daaden.de\/index.php?rest_route=\/wp\/v2\/types\/page"}],"author":[{"embeddable":true,"href":"http:\/\/feiern-in-daaden.de\/index.php?rest_route=\/wp\/v2\/users\/1"}],"replies":[{"embeddable":true,"href":"http:\/\/feiern-in-daaden.de\/index.php?rest_route=%2Fwp%2Fv2%2Fcomments&post=89"}],"version-history":[{"count":4,"href":"http:\/\/feiern-in-daaden.de\/index.php?rest_route=\/wp\/v2\/pages\/89\/revisions"}],"predecessor-version":[{"id":184,"href":"http:\/\/feiern-in-daaden.de\/index.php?rest_route=\/wp\/v2\/pages\/89\/revisions\/184"}],"wp:attachment":[{"href":"http:\/\/feiern-in-daaden.de\/index.php?rest_route=%2Fwp%2Fv2%2Fmedia&parent=89"}],"curies":[{"name":"wp","href":"https:\/\/api.w.org\/{rel}","templated":true}]}}